t are the prime factors of 85635549?
3, 137, 7717
List the prime factors of 86185653.
3, 19, 1512029
List the prime factors of 2434494287.
2179, 1117253
List the prime factors of 2154645489.
3, 41, 17517443
List the prime factors of 1382021902.
2, 17, 40647703
List the prime factors of 2021243553.
3, 7, 2887, 11113
What are the prime factors of 1726746165?
3, 5, 4957, 7741
List the prime factors of 96323567.
96323567
List the prime factors of 5100070664.
2, 13, 49039141
List the prime factors of 271006522.
2, 449, 301789
What are the prime factors of 33274963?
233, 142811
List the prime factors of 61472068.
2, 7, 17, 19, 971
What are the prime factors of 150186645?
3, 5, 7, 476783
What are the prime factors of 1804123608?
2, 3, 7, 691, 15541
List the prime factors of 10905480.
2, 3, 5, 30293
What are the prime factors of 82856091?
3, 27618697
List the prime factors of 5844073703.
13, 23, 41, 277, 1721
List the prime factors of 94875795.
3, 5, 7, 173, 1741
What are the prime factors of 845335192?
2, 13, 23, 353401
List the prime factors of 30622471.
11, 19, 146519
List the prime factors of 7070510857.
149, 157, 479, 631
What are the prime factors of 106003981?
106003981
What are the prime factors of 553479574?
2, 17, 43, 347, 1091
What are the prime factors of 32737568?
2, 47, 21767
What are the prime factors of 4562464284?
2, 3, 7, 17, 353, 431
What are the prime factors of 13547442?
2, 3, 193, 11699
List the prime factors of 614142071.
614142071
List the prime factors of 898447073.
211, 4258043
List the prime factors of 2619681741.
3, 291075749
What are the prime factors of 1636042437?
3, 433, 419821
What are the prime factors of 523666637?
13, 41, 982489
What are the prime factors of 62888379?
3, 89, 235537
List the prime factors of 348040929.
3, 61, 293, 6491
List the prime factors of 272847325.
5, 107, 101999
List the prime factors of 114345224.
2, 7, 5953
What are the prime factors of 51861205?
5, 11, 23, 3727
List the prime factors of 1096656088.
2, 11, 12462001
What are the prime factors of 140829512?
2, 17603689
List the prime factors of 53763607.
53763607
What are the prime factors of 21233973?
3, 53, 83, 1609
List the prime factors of 552534953.
19, 2339, 12433
List the prime factors of 410025391.
107, 953, 4021
List the prime factors of 1079544.
2, 3, 31, 1451
What are the prime factors of 454396224?
2, 3, 2366647
What are the prime factors of 2204821714?
2, 571, 1930667
List the prime factors of 107237669.
7, 11, 1392697
What are the prime factors of 56670589?
1609, 35221
List the prime factors of 3449997719.
7, 31, 1451, 10957
What are the prime factors of 46068113?
7, 13, 17, 97, 307
What are the prime factors of 2581860908?
2, 11, 58678657
List the prime factors of 1173771776.
2, 2292523
List the prime factors of 77111395.
5, 15422279
List the prime factors of 176380520.
2, 5, 4409513
List the prime factors of 627617999.
227, 2764837
What are the prime factors of 118625860?
2, 5, 5931293
What are the prime factors of 183436647?
3, 17, 983, 3659
List the prime factors of 526727772.
2, 3, 541901
What are the prime factors of 2294930130?
2, 3, 5, 17, 4499863
List the prime factors of 1064766955.
5, 7, 5393, 5641
List the prime factors of 333316863.
3, 11, 374093
What are the prime factors of 2000050771?
53, 37736807
List the prime factors of 731941078.
2, 11, 33270049
List the prime factors of 7388087342.
2, 5387, 685733
What are the prime factors of 89538861?
3, 29846287
What are the prime factors of 29607322?
2, 14803661
What are the prime factors of 365156766?
2, 3, 13, 619, 2521
List the prime factors of 35661924.
2, 3, 330203
List the prime factors of 71935350.
2, 3, 5, 479569
What are the prime factors of 31030438?
2, 15515219
List the prime factors of 200987221.
200987221
List the prime factors of 265185687.
3, 13, 31, 43, 5101
List the prime factors of 63705429.
3, 97, 72973
List the prime factors of 235600423.
37, 53, 317, 379
What are the prime factors of 179296297?
17, 53, 198997
List the prime factors of 2493468085.
5, 498693617
List the prime factors of 850194848.
2, 26568589
What are the prime factors of 16387479?
3, 331, 5501
What are the prime factors of 2478012148?
2, 19, 32605423
List the prime factors of 144084641.
1429, 100829
What are the prime factors of 777695?
5, 155539
What are the prime factors of 141170404?
2, 31, 271, 4201
What are the prime factors of 1705997673?
3, 31, 131, 15559
What are the prime factors of 367695792?
2, 3, 661, 3863
List the prime factors of 31947882.
2, 3, 43, 123829
What are the prime factors of 74840164?
2, 7, 19, 140677
What are the prime factors of 59487076?
2, 11, 1351979
What are the prime factors of 2095060?
2, 5, 11, 89, 107
List the prime factors of 1699295332.
2, 7, 181, 335299
List the prime factors of 148410960.
2, 3, 5, 47, 59, 223
What are the prime factors of 96098197?
13, 59, 349, 359
What are the prime factors of 592049545?
5, 877, 135017
List the prime factors of 624221537.
624221537
List the prime factors of 252618052.
2, 163, 2377
What are the prime factors of 1437681823?
17, 31, 43, 63443
What are the prime factors of 4002027831?
3, 181, 272971
List the prime factors of 1934756637.
3, 11, 277, 211657
List the prime factors of 33466542.
2, 3, 1459, 3823
What are the prime factors of 744570293?
1381, 539153
What are the prime factors of 379543091?
3323, 114217
List the prime factors of 65445164.
2, 3847, 4253
List the prime factors of 11983892.
2, 2995973
What are the prime factors of 1796678768?
2, 112292423
What are the prime factors of 169032181?
31, 5452651
List the prime factors of 320856695.
5, 1213, 52903
List the prime factors of 43869788.
2, 73, 150239
What are the prime factors of 647989153?
7, 17, 59, 61, 89
List the prime factors of 94702822.
2, 23, 677, 3041
What are the prime factors of 609832476?
2, 3, 11, 139, 1231
List the prime factors of 14084503.
503, 28001
What are the prime factors of 38260398?
2, 3, 11, 281, 2063
List the prime factors of 485173973.
29, 16730137
List the prime factors of 33663260.
2, 5, 23, 73181
What are the prime factors of 26627099?
26627099
List the prime factors of 3330689527.
11, 29, 349, 29917
What are the prime factors of 105991707?
3, 131, 283, 953
List the prime factors of 76318755.
3, 5, 419, 12143
List the prime factors of 284974244.
2, 43, 1656827
What are the prime factors of 1797862065?
3, 5, 119857471
What are the prime factors of 1506454916?
2, 1493, 252253
What are the prime factors of 172351387?
13, 379, 34981
What are the prime factors of 220966301?
220966301
List the prime factors of 316468248.
2, 3, 13186177
What are the prime factors of 50771858?
2, 41, 619169
What are the prime factors of 3263401549?
17, 491, 390967
List the prime factors of 4001877631.
4001877631
What are the prime factors of 613274308?
2, 153318577
What are the prime factors of 171250686?
2, 3, 19, 23, 41, 59
What are the prime factors of 1897324736?
2, 29645699
What are the prime factors of 223913381?
37, 173, 34981
List the prime factors of 49541572.
2, 47, 263519
List the prime factors of 380063120.
2, 5, 4750789
List the prime factors of 4560520052.
2, 11, 8783, 11801
What are the prime factors of 47938109?
47938109
List the prime factors of 1925839929.
3, 13, 977, 50543
What are the prime factors of 44371102?
2, 29, 41, 47, 397
List the prime factors of 72582353.
641, 113233
List the prime factors of 2533308012.
2, 3, 70369667
What are the prime factors of 2864634452?
2, 23, 199, 6803
List the prime factors of 1276816616.
2, 159602077
What are the prime factors of 407280129?
3, 5279, 25717
List the prime factors of 207065942.
2, 103532971
List the prime factors of 7829874377.
13, 449, 977, 1373
List the prime factors of 1855857290.
2, 5, 7, 61, 223, 1949
List the prime factors of 2684667669.
3, 313, 2859071
List the prime factors of 892377315.
3, 5, 31, 639697
What are the prime factors of 679039628?
2, 227, 747841
List the prime factors of 501956075.
5, 167, 251, 479
What are the prime factors of 921333311?
127, 7254593
List the prime factors of 27957034.
2, 7, 311, 6421
List the prime factors of 738816322.
2, 103, 3586487
List the prime factors of 1111274842.
2, 173, 3211777
List the prime factors of 428030338.
2, 151, 